n divisor of 136 and n?
8
Let z be ((-80)/5)/(-2 + 0). Calculate the highest common factor of z and 88.
8
Suppose -3*j - 3*b = -129, -j + 0*b = -b - 47. What is the highest common divisor of j and 9?
9
Suppose 5*a + 3*h = -67, -7*h + 19 = -a - 2*h. Let d = a - -22. Calculate the greatest common factor of d and 8.
8
Let x = -15 + 50. What is the highest common factor of 5 and x?
5
Let p = 42 + -35. Calculate the greatest common factor of p and 7.
7
Suppose 1 - 5 = -2*z. Let c be (-1 - -3*1)/z. Let o = c - -5. Calculate the highest common factor of 30 and o.
6
Let x = 1 + 18. Let q = 46 + -27. Calculate the greatest common factor of x and q.
19
Let t(i) = -i**3 + 7*i**2 - 6*i. Let j be 3 + 2/2 + 1. Let l be t(j). Suppose 4*p + 0*p - 20 = 0. What is the highest common divisor of p and l?
5
Let u = 474 - 15. Calculate the highest common factor of u and 51.
51
Let l be 2 + 1 - 33*5/(-15). Calculate the highest common divisor of 49 and l.
7
Let w be 2*((-15)/6 - -4). Suppose 0 = -0*r + r + v - w, v - 27 = -5*r. What is the highest common factor of r and 2?
2
Let i = 184 - 136. Suppose -3*g = -44 + 8. What is the highest common divisor of g and i?
12
Suppose -8 = -4*s, 4*s - 16 - 4 = -3*b. Let h be ((-14)/b - -2)*-2. Suppose 4*k + 24 = h*u - u, -k = -4*u + 48. Calculate the highest common factor of u and 24.
12
Suppose 2*r - 5*y = 81, -5*y - 18 = -4*r + 129. Suppose -r = 4*a - 153. Let m = 40 + a. What is the greatest common divisor of m and 7?
7
Let g be 41/(-1)*21/(-3). Let f = g + -189. Calculate the highest common divisor of f and 14.
14
Let g(z) = 47*z**2 - 3*z - 2. Let x be g(-1). Calculate the greatest common factor of 12 and x.
12
Let y = -7 - -11. Suppose -u - 3 = -4*w, 5*u + 3*w - y = 4. Let a = 2 - 1. What is the greatest common divisor of u and a?
1
Suppose -5*o + 2*n = -0*o - 172, o - 5*n = 16. What is the highest common factor of o and 12?
12
Let h be 8/36 + (-237)/(-27) + 3. What is the greatest common factor of h and 36?
12
Suppose 3*z = z - 5*p + 74, -4*z = p - 130. Let n be (32/6)/((-1)/(-15)). Calculate the highest common divisor of z and n.
16
Suppose 7*r - 12*r = -1190. What is the highest common divisor of r and 14?
14
Suppose 0 = -5*c + 2 + 8. Let x = 6 - c. Let k(u) = 2*u - 4. Let p be k(3). Calculate the highest common factor of p and x.
2
Let p(j) = 2*j**2 + 2. Let s be p(2). Calculate the greatest common factor of s and 5.
5
Let g = 4 + 11. Suppose 0 = -2*u + 5*p + 69 + 51, 5*u = -4*p + 300. What is the highest common factor of u and g?
15
Suppose x + 3*v + 56 = 3*x, 2*x - 5*v = 56. Let r = -8 + x. Suppose 4 = 2*k + 2*h - 22, 3*h + 31 = 4*k. What is the greatest common factor of r and k?
10
Let u(l) = -l**3 - l**2 - l + 32. Let v be u(0). Calculate the greatest common factor of v and 80.
16
Suppose 0 = -4*p + 12 - 0. Suppose 2*n = -2*y + 30, p*n + 5*y + 9 - 50 = 0. Calculate the highest common divisor of n and 187.
17
Suppose 0 = 3*x - 94 - 38. Let u be (2 - (7 - 6))*(-1 + 12). Calculate the highest common factor of x and u.
11
Suppose 4*j + 17 = -t, -4*j + 6 - 20 = 2*t. Let d(a) = -a**3 + 3*a**2 + a - 1. Let c be d(t). What is the greatest common divisor of 2 and c?
2
Let l(t) = -10*t**3 + t**2. Let d be l(-1). Let v(z) = -2*z**2 + 7*z - 7. Let x be v(7). Let r = x - -100. What is the highest common divisor of d and r?
11
Let o be (12/(-10))/((-4)/10). Calculate the highest common divisor of o and 3.
3
Let v = -3 + 7. Calculate the greatest common factor of v and 16.
4
Let k(f) = -f + 5. Let m(h) = -h**3 + h**2 + 4*h - 3. Let l be m(2). Let y be 0 - (-7 - (-2 - l)). Let d be k(y). What is the highest common divisor of 2 and d?
1
Suppose 0 = -2*d + 2*b + 23 + 5, 3*d + 3*b - 18 = 0. Let p = 34 - d. What is the highest common divisor of 60 and p?
12
Let u be (26 + 0)*2 + -1. Let w be -3*(0 - 1) + 53. Let b = -39 + w. What is the highest common divisor of b and u?
17
Suppose 746 - 254 = 4*s - 3*k, -3*k + 390 = 3*s. What is the highest common divisor of s and 18?
18
Let h(j) be the first derivative of -j**3/3 - 15*j**2/2 - 6*j - 3. Let c be h(-6). Calculate the greatest common divisor of 120 and c.
24
Let m(g) = 2*g**2 - 9*g. Let o be m(7). Suppose z - 3*c = 3, 2*z - o = -3*z + 5*c. What is the greatest common factor of z and 63?
9
Let o be (-11)/(-4) + (-2)/(-8). Let s(r) = -1 + o*r - 4*r - 4 - 2*r. Let z be s(-5). What is the greatest common divisor of 10 and z?
10
Let q = -85 - 43. Let t be q/(-12)*(-9)/(-4). Let k = t + -16. Calculate the highest common factor of 8 and k.
8
Let w(s) = -s - 3. Let t be w(-2). Let x be 0 + (5 - 1)/1. Let q be -3 + x + 54 + t. Calculate the highest common divisor of q and 6.
6
Let r be 5368/24 + -2*3/(-18). What is the greatest common factor of r and 32?
32
Let y = -826 + 2230. Let t be (-8)/(-44) - y/(-22). What is the greatest common factor of 8 and t?
8
Suppose -3*f + 110 = 5*y, 22 + 115 = 4*f - 3*y. Let k(l) = -l**3 - l + 5. Let i be k(0). What is the highest common factor of f and i?
5
Let v(n) = -n**3 + 5*n**2 + 6*n + 12. Let l be v(6). Calculate the highest common divisor of l and 24.
12
Suppose -v + 42 = 2*a, -a + 2*v + v + 14 = 0. What is the highest common divisor of a and 30?
10
Let i(r) = r**2 + 1. Let o be i(-1). Suppose o*g - 23 = -b, -5*g - 2*b + 62 = -4*b. What is the highest common factor of g and 36?
12
Suppose -2*c + 20 = 2*c - 2*u, -4*c - 4*u + 8 = 0. Let o be c/(-2) - -4 - -2. Calculate the highest common factor of o and 36.
4
Let p = 1305 + -337. Let f be 4/(-10) + p/20. Calculate the highest common factor of f and 32.
16
Let y = 101 - 17. Calculate the greatest common factor of 63 and y.
21
Let j = -12 + 19. Let o be j/(-4 - -3)*-2. Calculate the greatest common divisor of o and 21.
7
Let b be (41 + 1)*(17 - 16). What is the greatest common factor of b and 14?
14
Let p = -60 + 114. Let n be (-2)/(-2 + 0)*(-1755)/(-13). What is the greatest common divisor of n and p?
27
Let k(m) = -5*m**3 - 2*m + 1. Let d(h) = -h - 10. Let z be d(-8). Let b be k(z). What is the greatest common divisor of 9 and b?
9
Suppose -2*c - 50 = -3*v - 6*c, -4*v + 96 = -2*c. What is the highest common divisor of v and 22?
22
Let i be 15/(-6) + 2/(-4). Let m be 303 - i/((-3)/(-2)). Suppose -m = -5*z - t + 6*t, z - 57 = 2*t. What is the highest common factor of 26 and z?
13
Suppose 3*z = 2*p + 386, 8*p + 146 = z + 3*p. Calculate the greatest common divisor of z and 18.
18
Let o = 15 + 10. What is the greatest common divisor of o and 25?
25
Suppose 4*v + 3 = -4*x + 19, 16 = 3*x + 2*v. Calculate the greatest common divisor of 2 and x.
2
Suppose -2*z = 2*z - 8. Suppose -118 = -2*g + 3*l, 70 = -3*g + z*l + 242. What is the greatest common factor of 8 and g?
8
Let l(i) = -i + 3. Let k be l(3). Let v = k - -7. What is the highest common divisor of v and 70?
7
Let v(w) = -w - 1. Let g(l) = 4*l + 6. Let r(x) = g(x) - 2*v(x). Let s be r(6). Let t = -3 - -14. Calculate the greatest common factor of t and s.
11
Let h(g) = 2*g**2 + 2*g. Let r be h(2). Suppose 0*d = -2*d + r. Let p(w) = w**2 + 4*w - 6. Let t be p(-6). Calculate the highest common factor of t and d.
6
Suppose -4*d + 3*a + 17 = 0, -16 + 6 = -2*d + 2*a. Let o be 18/(-12) + 237/d. Suppose 0 = -4*g + 71 - 19. Calculate the greatest common divisor of o and g.
13
Let h = 21 - -35. Suppose 0*m = -m + 4. Let j = 12 - m. What is the highest common divisor of h and j?
8
Suppose -3*s - 3*i = -6*i - 27, 0 = -5*s - 5*i + 95. What is the highest common divisor of s and 14?
14
Suppose 10 = 5*s - 3*s. Let q(z) = 7*z**2 - 3*z + 1. Let g be q(s). What is the greatest common factor of g and 23?
23
Suppose 0 = 11*h - 8*h - 150. Suppose 5*j - 78 = -208. Let t = 36 + j. Calculate the greatest common divisor of h and t.
10
Let s(x) = 3*x**2 - 2*x - 3. Let g be s(-2). Suppose 77 = 5*h + 12. Calculate the greatest common divisor of h and g.
13
Let w = 95 + -51. What is the highest common factor of w and 132?
44
Suppose 6*d - 36 = 2*d. Calculate the highest common factor of 45 and d.
9
Let o = -11 - -26. What is the greatest common divisor of 120 and o?
15
Let j be (100/(-14))/(15/(-105)). What is the highest common factor of j and 10?
10
Let d = 0 + -3. Let v = 6 + d. Let r be 1 + (2 - v)*-39. What is the highest common factor of r and 16?
8
Suppose -456 = -n - 3*n. L